{"id":5120,"date":"2024-07-14T10:06:10","date_gmt":"2024-07-14T08:06:10","guid":{"rendered":"https:\/\/juso-shop.ch\/produkt\/affiche-electorale-voter-juso\/"},"modified":"2026-04-21T09:12:35","modified_gmt":"2026-04-21T07:12:35","slug":"affiche-electorale-juso-elections","status":"publish","type":"product","link":"https:\/\/juso-shop.ch\/fr\/produit\/affiche-electorale-juso-elections\/","title":{"rendered":"Affiche \u00e9lectorale \u00ab\u00a0Voter JUSO"},"content":{"rendered":"<p>Vous pouvez d\u00e9sormais commander notre affiche \u00e9lectorale pour les \u00e9lections nationales de 2023 avec le slogan \u00ab\u00a0L'avenir plut\u00f4t que les crises\u00a0\u00bb dans les trois langues.<\/p>\n<p>L'affiche est imprim\u00e9e sur du papier de haute qualit\u00e9 et est livr\u00e9e en paquet.<\/p>\n","protected":false},"excerpt":{"rendered":"<ul>\n<li>Slogan \u00ab\u00a0L'avenir plut\u00f4t que les crises<\/li>\n<li>Taille A2 (42,0 x 59,4 cm)<\/li>\n<li>Langues : Allemand, fran\u00e7ais, italien<\/li>\n<\/ul>\n","protected":false},"featured_media":4907,"comment_status":"open","ping_status":"closed","template":"","meta":{"_kad_blocks_custom_css":"","_kad_blocks_head_custom_js":"","_kad_blocks_body_custom_js":"","_kad_blocks_footer_custom_js":"","_kad_post_transparent":"default","_kad_post_title":"","_kad_post_layout":"default","_kad_post_sidebar_id":"","_kad_post_content_style":"default","_kad_post_vertical_padding":"default","_kad_post_feature":"","_kad_post_feature_position":"","_kad_post_header":false,"_kad_post_footer":false,"_kad_post_classname":"","slim_seo":{"title":"Affiche \u00e9lectorale \"Voter JUSO - JS Shop","description":"Slogan \"L'avenir plut\u00f4t que les crises Taille A2 (42,0 x 59,4 cm) Langues : Allemand, fran\u00e7ais, italien"},"_slim_seo_primary_term_product_brand":0,"_slim_seo_primary_term_product_cat":0,"_slim_seo_primary_term_product_tag":0},"product_brand":[],"product_cat":[227,251,208],"product_tag":[228,234],"class_list":["post-5120","product","type-product","status-publish","has-post-thumbnail","product_cat-affiches","product_cat-elections-nationales","product_cat-materiel-de-campagne","product_tag-affiche","product_tag-initiative-pour-lavenir","first","instock","shipping-taxable","purchasable","product-type-variable","entry","content-bg","loop-entry"],"taxonomy_info":{"product_cat":[{"value":227,"label":"Affiches"},{"value":251,"label":"\u00c9lections nationales"},{"value":208,"label":"Mat\u00e9riel de campagne"}],"product_tag":[{"value":228,"label":"Affiche"},{"value":234,"label":"Initiative pour l'avenir"}]},"featured_image_src_large":["https:\/\/juso-shop.ch\/wp-content\/uploads\/2024\/07\/wahlplakat-zukunft-statt-krisen-1024x1024.jpg",1024,1024,true],"author_info":[],"comment_info":0,"_links":{"self":[{"href":"https:\/\/juso-shop.ch\/fr\/wp-json\/wp\/v2\/product\/5120","targetHints":{"allow":["GET"]}}],"collection":[{"href":"https:\/\/juso-shop.ch\/fr\/wp-json\/wp\/v2\/product"}],"about":[{"href":"https:\/\/juso-shop.ch\/fr\/wp-json\/wp\/v2\/types\/product"}],"replies":[{"embeddable":true,"href":"https:\/\/juso-shop.ch\/fr\/wp-json\/wp\/v2\/comments?post=5120"}],"wp:featuredmedia":[{"embeddable":true,"href":"https:\/\/juso-shop.ch\/fr\/wp-json\/wp\/v2\/media\/4907"}],"wp:attachment":[{"href":"https:\/\/juso-shop.ch\/fr\/wp-json\/wp\/v2\/media?parent=5120"}],"wp:term":[{"taxonomy":"product_brand","embeddable":true,"href":"https:\/\/juso-shop.ch\/fr\/wp-json\/wp\/v2\/product_brand?post=5120"},{"taxonomy":"product_cat","embeddable":true,"href":"https:\/\/juso-shop.ch\/fr\/wp-json\/wp\/v2\/product_cat?post=5120"},{"taxonomy":"product_tag","embeddable":true,"href":"https:\/\/juso-shop.ch\/fr\/wp-json\/wp\/v2\/product_tag?post=5120"}],"curies":[{"name":"wp","href":"https:\/\/api.w.org\/{rel}","templated":true}]}}

Affiche électorale « Voter JUSO

<p>Vous pouvez désormais commander notre affiche électorale pour les élections nationales de 2023 avec le slogan « L'avenir plutôt que les crises » dans les trois langues.</p>
<p>L'affiche est imprimée sur du papier de haute qualité et est livrée en paquet.</p>

<ul>
<li>Slogan « L'avenir plutôt que les crises</li>
<li>Taille A2 (42,0 x 59,4 cm)</li>
<li>Langues : Allemand, français, italien</li>
</ul>

Affiche électorale "Voter JUSO - JS Shop

Slogan "L'avenir plutôt que les crises Taille A2 (42,0 x 59,4 cm) Langues : Allemand, français, italien

Élections nationales

Matériel de campagne
