{"id":5116,"date":"2024-07-14T10:44:31","date_gmt":"2024-07-14T08:44:31","guid":{"rendered":"https:\/\/juso-shop.ch\/produkt\/autocollant-contre-les-nazis\/"},"modified":"2026-04-21T09:21:53","modified_gmt":"2026-04-21T07:21:53","slug":"autocollants-contre-nazis","status":"publish","type":"product","link":"https:\/\/juso-shop.ch\/fr\/produit\/autocollants-contre-nazis\/","title":{"rendered":"Autocollant \u00ab\u00a0Contre les nazis"},"content":{"rendered":"<div class=\"woocommerce-product-details__short-description\">\n<p class=\"docData;DOCY;v5;2399;BQiAAgAAEYQCAAAGiAIAAAPGCAAABdQIAAAAAAAAAAAAAAAAAAAAAAAAAAAAAAAAAAAAAAAAAAAAAAAAAAAAAAAAAAAAAAAAAAAAAAAAAAAAAAAAAAAAAAAAAAAAAAAAAAAAAAAAAAAAAAAAAAAAAAAAAAAAAAAAAAAAAAAAAAAAAAAAAAAAAAAAAAAAAAAAAAAAAAAAAAAAAAAAAAAAAAAAAAAAAAAAAAAAAAAAAAAAAAAAAAAAAAAAAAAAAAAAAAAAAAAAAAAAAAAAAAAAAAAAAAAAAAAAAAAAAAAAAAAAAAAAAAAAAAAAAAAAAAAAAAAAAAAAAAAAAAAAAAAAAAAAAAAAAAAAAAAAAAAAAAAAAAAAAAAAAAAAAAAAAAAAAAAAAAAAAAAAAAAAAAAAAAAAAAAAAAAAAAAAAAAAAAAAAAAAAAAAAAAAAAAAAAAAAAAAAAAAAAAAAAAAAAAAAAAAAAAAAAAAAAAAAAAAAAAAAAAAAAAAAAAAAAAAAAAAAAAAAAAAAAAAAAAAAAAAAAAAAAAAAAAAAAAAAAAAAAAAAAAAAAAAAAAAAAAAAAAAAAAAAAAAAAAAAAAAAAAAAAAAAAAAAAAAAAAAAAAAAAAAAAAAAAAAAAAAAAAAAAAAAAAAAAAAAAAAAAAAAAAAAAAAAAAAAAAAAAAAAAAAAAAAAAAAAAAAAAAAAAAAAAAAAAAAAAAAAAAAAAAAAAAAAAAAAAAAAAAAAAAAAAAAAAAAAAAAAAAAAAAAAAAAAAAAAAAAAAAAAAAAAAAAAAAAAAAAAAAAAAAAAAAAAAAAAAAAAAAAAAAAAAAAAAAAAAAAAAAAAAAAAAAAAAAAAAAAAAAAAAAAAAAAOgYAAABcAgAAARsAAAABBgAAAAAJBgAAAAAaBgMAAAAMAQAbBgAAAAACNwIAAAUpAAAAAQAAAAAIHwAAAAAaAAAARgBhAHMAYwBoAGkAcwB0AGkAcwBjAGgAZQAFXwAAAAEAAAAACFUAAAAAUAAAAG0ALAAgAG0AZQBuAHMAYwBoAGUAbgBmAGUAaQBuAGQAbABpAGMAaABlAG0AIAB1AG4AZAAgAHIAYQBzAHMAaQBzAHQAaQBzAGMAaABlAG0ABSkAAAABAAAAAAgfAAAAABoAAAAgAEcAZQBkAGEAbgBrAGUAbgBnAHUAdAAgAAVrAAAAAQAAAAAIYQAAAABcAAAAZABhAHIAZgAgAG4AaQBjAGgAdAAgAGQAZQByACAAZwBlAHIAaQBuAGcAcwB0AGUAIABQAGwAYQB0AHoAIABnAGUAbABhAHMAcwBlAG4AIAB3AGUAcgBkAGUAbgAFHQAAAAEAAAAACBMAAAAADgAAACEAIABNAGkAdAAgAHUABWUAAAABAAAAAAhbAAAAAFYAAABuAHMAZQByAGUAbgAgAEsAbABlAGIAZQByAG4AIABiAHIAaQBuAGcAZQBuACAAdwBpAHIAIABkAGEAcwAgAHoAdQBtACAAQQB1AHMAZAByAHUAYwBrAAU\/AAAAAQAAAAAINQAAAAAwAAAALAAgAHcAaQByACAAcwBpAG4AZAAgAGcAZQBnAGUAbgAgAE4AYQB6AGkAcwAhACAABREAAAABAAAAAAgHAAAAAAIAAAAgAAUKAAAAAQAAAAAIAAAAAAUNAAAAAQMAAAAMAQAIAAAAAADUAwAAARgAAAABBgAAAAAJBgAAAAAaBgAAAAAbBgAAAAACsgMAAAVrAAAAAQAAAAAIYQAAAABcAAAASABpAGwAZgAgAG0AaQB0ACAAdQBuAGQAIAB6AGUAaQBnACAAZABpAGUAIABlAGkAbgB6AGkAZwAgAHIAaQBjAGgAdABpAGcAZQAgAEEAbgB0AHcAbwByAHQAIAAFHwAAAAEAAAAACBUAAAAAEAAAAHUAbgBkACAAegB3AGEAcgAFEQAAAAEAAAAACAcAAAAAAgAAACAABRsAAAABAAAAAAgRAAAAAAwAAABBAG4AdABpAGYAYQAFOwAAAAEAAAAACDEAAAAALAAAAHMAYwBoAGkAcwBtAHUAcwAgAGkAbgAgAGQAZQByACAA1gBmAGYAZQBuAHQABSMAAAABAAAAAAgZAAAAABQAAABsAGkAYwBoAGsAZQBpAHQALgAgAAURAAAAAQAAAAAIBwAAAAACAAAATQAFFQAAAAEAAAAACAsAAAAABgAAAGEAYwBoAAWbAAAAAQAAAAAIkQAAAACMAAAAIABkAGUAaQBuACAATABhAHAAdABvAHAALAAgAGQAZQBpAG4AZQAgAFQAcgBpAG4AawBmAGwAYQBzAGMAaABlACAAbwBkAGUAcgAgAGQAZQBpAG4AZQAgAFcA5ABuAGQAZQAgAG0AaQB0ACAAdQBuAHMAZQByAGUAbgAgAEsAbABlAGIAZQByAG4AIAAFMwAAAAEAAAAACCkAAAAAJAAAAGEAbgB0AGkAZgBhAHMAYwBoAGkAcwB0AGkAcwBjAGgALgAgAAVHAAAAAQAAAAAIPQAAAAA4AAAAVQBuAHMAZQByAGUAIABTAHQAaQBjAGsAZQByACAAcwBpAG4AZAAgAHMAbwAgAHMAdABhAHIAawAFPQAAAAEAAAAACDMAAAAALgAAACAAKAB1AG4AZAAgAGcAcgBvAN8AIAATICAAQQA2AC0ARgBvAHIAbQBhAHQAKQAFbwAAAAEAAAAACGUAAAAAYAAAACwAIABkAGEAcwBzACAAZAB1ACAAcwBpAGUAIABzAG8AZwBhAHIAIABpAG4AIAAxADAAIABNAGUAdABlAHIAIABFAG4AdABmAGUAcgBuAHUAbgBnACAAbgBvAGMAaAAgAAUZAAAAAQAAAAAIDwAAAAAKAAAAcwBlAGgAZQBuAAUfAAAAAQAAAAAIFQAAAAAQAAAAIABrAGEAbgBuAHMAdAAhAAURAAAAAQAAAAAIBwAAAAACAAAAIAAFCgAAAAEAAAAACAAAAAAFCgAAAAEAAAAACAAAAAAKAAAAAAAAAAARAAAAAIcAAAAALQAAAAEGAAAAAAkGGwAAACcEFAEAAAsBARwBACgEAAAAAB0BACkEyAAAABsGAAAAAAFLAAAAKAEHKQEHKgEHKwEFEwEBCAQWAAAAFgQWAAAAGQYKAAAAZABlAC0ARABFABoGCgAAAGEAcgAtAFMAQQAbBgoAAABlAG4ALQBVAFMAAgAAAAA=\"><strong>Il ne faut pas laisser la moindre place aux id\u00e9es fascistes, misanthropes et racistes ! Avec nos autocollants, nous exprimons : nous sommes contre les nazis !<\/strong><\/p>\n<p>Aidez-nous \u00e0 montrer la seule bonne r\u00e9ponse (l'antifascisme) en public. Rendez votre ordinateur portable, votre bouteille d'eau ou vos murs antifascistes avec nos autocollants. <\/p>\n<p>Nos autocollants sont si forts (et si grands - format A6) que vous pouvez les voir m\u00eame \u00e0 10 m\u00e8tres de distance !<\/p>\n<\/div>\n","protected":false},"excerpt":{"rendered":"<ul>\n<li>Autocollants antifascistes rectangulaires<\/li>\n<li>Taille A6 (10,5 x 14,8 cm)<\/li>\n<\/ul>\n","protected":false},"featured_media":4911,"comment_status":"open","ping_status":"closed","template":"","meta":{"_kad_blocks_custom_css":"","_kad_blocks_head_custom_js":"","_kad_blocks_body_custom_js":"","_kad_blocks_footer_custom_js":"","_kad_post_transparent":"default","_kad_post_title":"","_kad_post_layout":"default","_kad_post_sidebar_id":"","_kad_post_content_style":"default","_kad_post_vertical_padding":"default","_kad_post_feature":"","_kad_post_feature_position":"","_kad_post_header":false,"_kad_post_footer":false,"_kad_post_classname":"","slim_seo":{"title":"Autocollant \"Contre les nazis - JS Shop","description":"Autocollants antifascistes rectangulaires Taille A6 (10,5 x 14,8 cm)"},"_slim_seo_primary_term_product_brand":0,"_slim_seo_primary_term_product_cat":0,"_slim_seo_primary_term_product_tag":0},"product_brand":[],"product_cat":[209,211,229],"product_tag":[214,215,213,301,302],"class_list":["post-5116","product","type-product","status-publish","has-post-thumbnail","product_cat-antifa-fr","product_cat-autocollants","product_cat-sections","product_tag-antifa-fr","product_tag-antifascisme","product_tag-autocollants","product_tag-autocollants-fr","product_tag-contre-les-nazis","first","instock","shipping-taxable","purchasable","product-type-variable","entry","content-bg","loop-entry"],"taxonomy_info":{"product_cat":[{"value":209,"label":"Antifa"},{"value":211,"label":"Autocollants"},{"value":229,"label":"Sections"}],"product_tag":[{"value":214,"label":"Antifa"},{"value":215,"label":"Antifascisme"},{"value":213,"label":"Autocollants"},{"value":301,"label":"Autocollants"},{"value":302,"label":"Contre les nazis"}]},"featured_image_src_large":["https:\/\/juso-shop.ch\/wp-content\/uploads\/2024\/07\/sticker-gegen-nazis-1024x1024.jpg",1024,1024,true],"author_info":[],"comment_info":0,"_links":{"self":[{"href":"https:\/\/juso-shop.ch\/fr\/wp-json\/wp\/v2\/product\/5116","targetHints":{"allow":["GET"]}}],"collection":[{"href":"https:\/\/juso-shop.ch\/fr\/wp-json\/wp\/v2\/product"}],"about":[{"href":"https:\/\/juso-shop.ch\/fr\/wp-json\/wp\/v2\/types\/product"}],"replies":[{"embeddable":true,"href":"https:\/\/juso-shop.ch\/fr\/wp-json\/wp\/v2\/comments?post=5116"}],"wp:featuredmedia":[{"embeddable":true,"href":"https:\/\/juso-shop.ch\/fr\/wp-json\/wp\/v2\/media\/4911"}],"wp:attachment":[{"href":"https:\/\/juso-shop.ch\/fr\/wp-json\/wp\/v2\/media?parent=5116"}],"wp:term":[{"taxonomy":"product_brand","embeddable":true,"href":"https:\/\/juso-shop.ch\/fr\/wp-json\/wp\/v2\/product_brand?post=5116"},{"taxonomy":"product_cat","embeddable":true,"href":"https:\/\/juso-shop.ch\/fr\/wp-json\/wp\/v2\/product_cat?post=5116"},{"taxonomy":"product_tag","embeddable":true,"href":"https:\/\/juso-shop.ch\/fr\/wp-json\/wp\/v2\/product_tag?post=5116"}],"curies":[{"name":"wp","href":"https:\/\/api.w.org\/{rel}","templated":true}]}}

<div class="woocommerce-product-details__short-description">
<p class="docData;DOCY;v5;2399;BQiAAgAAEYQCAAAGiAIAAAPGCAAABdQIAAAAAAAAAAAAAAAAAAAAAAAAAAAAAAAAAAAAAAAAAAAAAAAAAAAAAAAAAAAAAAAAAAAAAAAAAAAAAAAAAAAAAAAAAAAAAAAAAAAAAAAAAAAAAAAAAAAAAAAAAAAAAAAAAAAAAAAAAAAAAAAAAAAAAAAAAAAAAAAAAAAAAAAAAAAAAAAAAAAAAAAAAAAAAAAAAAAAAAAAAAAAAAAAAAAAAAAAAAAAAAAAAAAAAAAAAAAAAAAAAAAAAAAAAAAAAAAAAAAAAAAAAAAAAAAAAAAAAAAAAAAAAAAAAAAAAAAAAAAAAAAAAAAAAAAAAAAAAAAAAAAAAAAAAAAAAAAAAAAAAAAAAAAAAAAAAAAAAAAAAAAAAAAAAAAAAAAAAAAAAAAAAAAAAAAAAAAAAAAAAAAAAAAAAAAAAAAAAAAAAAAAAAAAAAAAAAAAAAAAAAAAAAAAAAAAAAAAAAAAAAAAAAAAAAAAAAAAAAAAAAAAAAAAAAAAAAAAAAAAAAAAAAAAAAAAAAAAAAAAAAAAAAAAAAAAAAAAAAAAAAAAAAAAAAAAAAAAAAAAAAAAAAAAAAAAAAAAAAAAAAAAAAAAAAAAAAAAAAAAAAAAAAAAAAAAAAAAAAAAAAAAAAAAAAAAAAAAAAAAAAAAAAAAAAAAAAAAAAAAAAAAAAAAAAAAAAAAAAAAAAAAAAAAAAAAAAAAAAAAAAAAAAAAAAAAAAAAAAAAAAAAAAAAAAAAAAAAAAAAAAAAAAAAAAAAAAAAAAAAAAAAAAAAAAAAAAAAAAAAAAAAAAAAAAAAAAAAAAAAAAAAAAAAAAAAAAAAAAAAAAAAAAAAAAAAOgYAAABcAgAAARsAAAABBgAAAAAJBgAAAAAaBgMAAAAMAQAbBgAAAAACNwIAAAUpAAAAAQAAAAAIHwAAAAAaAAAARgBhAHMAYwBoAGkAcwB0AGkAcwBjAGgAZQAFXwAAAAEAAAAACFUAAAAAUAAAAG0ALAAgAG0AZQBuAHMAYwBoAGUAbgBmAGUAaQBuAGQAbABpAGMAaABlAG0AIAB1AG4AZAAgAHIAYQBzAHMAaQBzAHQAaQBzAGMAaABlAG0ABSkAAAABAAAAAAgfAAAAABoAAAAgAEcAZQBkAGEAbgBrAGUAbgBnAHUAdAAgAAVrAAAAAQAAAAAIYQAAAABcAAAAZABhAHIAZgAgAG4AaQBjAGgAdAAgAGQAZQByACAAZwBlAHIAaQBuAGcAcwB0AGUAIABQAGwAYQB0AHoAIABnAGUAbABhAHMAcwBlAG4AIAB3AGUAcgBkAGUAbgAFHQAAAAEAAAAACBMAAAAADgAAACEAIABNAGkAdAAgAHUABWUAAAABAAAAAAhbAAAAAFYAAABuAHMAZQByAGUAbgAgAEsAbABlAGIAZQByAG4AIABiAHIAaQBuAGcAZQBuACAAdwBpAHIAIABkAGEAcwAgAHoAdQBtACAAQQB1AHMAZAByAHUAYwBrAAU/AAAAAQAAAAAINQAAAAAwAAAALAAgAHcAaQByACAAcwBpAG4AZAAgAGcAZQBnAGUAbgAgAE4AYQB6AGkAcwAhACAABREAAAABAAAAAAgHAAAAAAIAAAAgAAUKAAAAAQAAAAAIAAAAAAUNAAAAAQMAAAAMAQAIAAAAAADUAwAAARgAAAABBgAAAAAJBgAAAAAaBgAAAAAbBgAAAAACsgMAAAVrAAAAAQAAAAAIYQAAAABcAAAASABpAGwAZgAgAG0AaQB0ACAAdQBuAGQAIAB6AGUAaQBnACAAZABpAGUAIABlAGkAbgB6AGkAZwAgAHIAaQBjAGgAdABpAGcAZQAgAEEAbgB0AHcAbwByAHQAIAAFHwAAAAEAAAAACBUAAAAAEAAAAHUAbgBkACAAegB3AGEAcgAFEQAAAAEAAAAACAcAAAAAAgAAACAABRsAAAABAAAAAAgRAAAAAAwAAABBAG4AdABpAGYAYQAFOwAAAAEAAAAACDEAAAAALAAAAHMAYwBoAGkAcwBtAHUAcwAgAGkAbgAgAGQAZQByACAA1gBmAGYAZQBuAHQABSMAAAABAAAAAAgZAAAAABQAAABsAGkAYwBoAGsAZQBpAHQALgAgAAURAAAAAQAAAAAIBwAAAAACAAAATQAFFQAAAAEAAAAACAsAAAAABgAAAGEAYwBoAAWbAAAAAQAAAAAIkQAAAACMAAAAIABkAGUAaQBuACAATABhAHAAdABvAHAALAAgAGQAZQBpAG4AZQAgAFQAcgBpAG4AawBmAGwAYQBzAGMAaABlACAAbwBkAGUAcgAgAGQAZQBpAG4AZQAgAFcA5ABuAGQAZQAgAG0AaQB0ACAAdQBuAHMAZQByAGUAbgAgAEsAbABlAGIAZQByAG4AIAAFMwAAAAEAAAAACCkAAAAAJAAAAGEAbgB0AGkAZgBhAHMAYwBoAGkAcwB0AGkAcwBjAGgALgAgAAVHAAAAAQAAAAAIPQAAAAA4AAAAVQBuAHMAZQByAGUAIABTAHQAaQBjAGsAZQByACAAcwBpAG4AZAAgAHMAbwAgAHMAdABhAHIAawAFPQAAAAEAAAAACDMAAAAALgAAACAAKAB1AG4AZAAgAGcAcgBvAN8AIAATICAAQQA2AC0ARgBvAHIAbQBhAHQAKQAFbwAAAAEAAAAACGUAAAAAYAAAACwAIABkAGEAcwBzACAAZAB1ACAAcwBpAGUAIABzAG8AZwBhAHIAIABpAG4AIAAxADAAIABNAGUAdABlAHIAIABFAG4AdABmAGUAcgBuAHUAbgBnACAAbgBvAGMAaAAgAAUZAAAAAQAAAAAIDwAAAAAKAAAAcwBlAGgAZQBuAAUfAAAAAQAAAAAIFQAAAAAQAAAAIABrAGEAbgBuAHMAdAAhAAURAAAAAQAAAAAIBwAAAAACAAAAIAAFCgAAAAEAAAAACAAAAAAFCgAAAAEAAAAACAAAAAAKAAAAAAAAAAARAAAAAIcAAAAALQAAAAEGAAAAAAkGGwAAACcEFAEAAAsBARwBACgEAAAAAB0BACkEyAAAABsGAAAAAAFLAAAAKAEHKQEHKgEHKwEFEwEBCAQWAAAAFgQWAAAAGQYKAAAAZABlAC0ARABFABoGCgAAAGEAcgAtAFMAQQAbBgoAAABlAG4ALQBVAFMAAgAAAAA="><strong>Il ne faut pas laisser la moindre place aux idées fascistes, misanthropes et racistes ! Avec nos autocollants, nous exprimons : nous sommes contre les nazis !</strong></p>
<p>Aidez-nous à montrer la seule bonne réponse (l'antifascisme) en public. Rendez votre ordinateur portable, votre bouteille d'eau ou vos murs antifascistes avec nos autocollants. </p>
<p>Nos autocollants sont si forts (et si grands - format A6) que vous pouvez les voir même à 10 mètres de distance !</p>
</div>
