{"id":22608,"date":"2026-06-04T10:01:10","date_gmt":"2026-06-04T08:01:10","guid":{"rendered":"https:\/\/juso-shop.ch\/produkt\/autocollant-lutte-contre-lantifeminisme\/"},"modified":"2026-08-28T10:39:13","modified_gmt":"2026-08-28T08:39:13","slug":"autocollant-lutte-contre-lantifeminisme","status":"publish","type":"product","link":"https:\/\/juso-shop.ch\/fr\/produit\/autocollant-lutte-contre-lantifeminisme\/","title":{"rendered":"Autocollant \u00ab\u00a0Lutte contre l'antif\u00e9minisme\u00a0\u00bb."},"content":{"rendered":"<p>L'antif\u00e9minisme gagne du terrain. Les forums Incel et la propagande d'extr\u00eame droite radicalisent les hommes de la Gen Z. R\u00e9sultat : un m\u00e9pris des femmes, des mod\u00e8les ultra-conservateurs et une queerophobie extr\u00eame. Cet antif\u00e9minisme fait partie des fondements du fascisme. Et la cons\u00e9quence : la terreur de droite, la violence sexualis\u00e9e et l'oppression pour les personnes FLINTA. Nous ne pouvons pas nous laisser faire : Une ligne claire contre l'antif\u00e9minisme. A bas l'id\u00e9ologie de l'Incel, lutte contre le patriarcat !     <\/p>\n<p><strong>Commande d\u00e8s maintenant ton autocollant pour le 14 juin afin de donner de la visibilit\u00e9 aux causes f\u00e9ministes !<\/strong><\/p>\n","protected":false},"excerpt":{"rendered":"<ul>\n<li>Autocollants d'ext\u00e9rieur gratuits<\/li>\n<li>Les langues : Allemand<\/li>\n<\/ul>\n","protected":false},"featured_media":22595,"comment_status":"closed","ping_status":"closed","template":"","meta":{"_kad_blocks_custom_css":"","_kad_blocks_head_custom_js":"","_kad_blocks_body_custom_js":"","_kad_blocks_footer_custom_js":"","_kad_post_transparent":"","_kad_post_title":"","_kad_post_layout":"","_kad_post_sidebar_id":"","_kad_post_content_style":"","_kad_post_vertical_padding":"","_kad_post_feature":"","_kad_post_feature_position":"","_kad_post_header":false,"_kad_post_footer":false,"_kad_post_classname":"","slim_seo":{"title":"Autocollant \"Lutte contre l'antif\u00e9minisme\". - JS Shop","description":"Autocollants d'ext\u00e9rieur gratuits Les langues : Allemand"},"_slim_seo_primary_term_product_brand":0,"_slim_seo_primary_term_product_cat":0,"_slim_seo_primary_term_product_tag":0},"product_brand":[],"product_cat":[211,245],"product_tag":[],"class_list":["post-22608","product","type-product","status-publish","has-post-thumbnail","product_cat-autocollants","product_cat-feminisme","first","instock","shipping-taxable","purchasable","product-type-variable","entry","content-bg","loop-entry"],"taxonomy_info":{"product_cat":[{"value":211,"label":"Autocollants"},{"value":245,"label":"F\u00e9minisme"}]},"featured_image_src_large":["https:\/\/juso-shop.ch\/wp-content\/uploads\/2026\/06\/IMG_0254-1024x803.jpeg",1024,803,true],"author_info":[],"comment_info":0,"_links":{"self":[{"href":"https:\/\/juso-shop.ch\/fr\/wp-json\/wp\/v2\/product\/22608","targetHints":{"allow":["GET"]}}],"collection":[{"href":"https:\/\/juso-shop.ch\/fr\/wp-json\/wp\/v2\/product"}],"about":[{"href":"https:\/\/juso-shop.ch\/fr\/wp-json\/wp\/v2\/types\/product"}],"replies":[{"embeddable":true,"href":"https:\/\/juso-shop.ch\/fr\/wp-json\/wp\/v2\/comments?post=22608"}],"wp:featuredmedia":[{"embeddable":true,"href":"https:\/\/juso-shop.ch\/fr\/wp-json\/wp\/v2\/media\/22595"}],"wp:attachment":[{"href":"https:\/\/juso-shop.ch\/fr\/wp-json\/wp\/v2\/media?parent=22608"}],"wp:term":[{"taxonomy":"product_brand","embeddable":true,"href":"https:\/\/juso-shop.ch\/fr\/wp-json\/wp\/v2\/product_brand?post=22608"},{"taxonomy":"product_cat","embeddable":true,"href":"https:\/\/juso-shop.ch\/fr\/wp-json\/wp\/v2\/product_cat?post=22608"},{"taxonomy":"product_tag","embeddable":true,"href":"https:\/\/juso-shop.ch\/fr\/wp-json\/wp\/v2\/product_tag?post=22608"}],"curies":[{"name":"wp","href":"https:\/\/api.w.org\/{rel}","templated":true}]}}

Autocollant « Lutte contre l'antiféminisme ».

<p>L'antiféminisme gagne du terrain. Les forums Incel et la propagande d'extrême droite radicalisent les hommes de la Gen Z. Résultat : un mépris des femmes, des modèles ultra-conservateurs et une queerophobie extrême. Cet antiféminisme fait partie des fondements du fascisme. Et la conséquence : la terreur de droite, la violence sexualisée et l'oppression pour les personnes FLINTA. Nous ne pouvons pas nous laisser faire : Une ligne claire contre l'antiféminisme. A bas l'idéologie de l'Incel, lutte contre le patriarcat !     </p>
<p><strong>Commande dès maintenant ton autocollant pour le 14 juin afin de donner de la visibilité aux causes féministes !</strong></p>

<ul>
<li>Autocollants d'extérieur gratuits</li>
<li>Les langues : Allemand</li>
</ul>

Autocollant "Lutte contre l'antiféminisme". - JS Shop

Autocollants d'extérieur gratuits Les langues : Allemand

Féminisme
