{"id":21760,"date":"2026-05-05T08:28:28","date_gmt":"2026-05-05T06:28:28","guid":{"rendered":"https:\/\/juso-shop.ch\/produkt\/autocollant-pour-boite-aux-lettres-pas-de-propagande-de-ludc\/"},"modified":"2026-08-28T10:40:22","modified_gmt":"2026-08-28T08:40:22","slug":"autocollant-pour-boite-aux-lettres-pas-de-propagande-de-ludc","status":"publish","type":"product","link":"https:\/\/juso-shop.ch\/fr\/produit\/autocollant-pour-boite-aux-lettres-pas-de-propagande-de-ludc\/","title":{"rendered":"Autocollant pour bo\u00eete aux lettres \u00ab\u00a0Pas de propagande de l'UDC\u00a0\u00bb."},"content":{"rendered":"<p>L'UDC inonde une fois de plus tous les foyers suisses de ses messages racistes.\u00c0 coups de manipulations de chiffres, de discours racistes et d\u2019un budget de plusieurs millions, l\u2019UDC tente actuellement de convaincre la population de soutenir l\u2019initiative extr\u00eamement dangereuse \u00ab Pas de Suisse \u00e0 10 millions \u00bb. Cette initiative est une attaque raciste contre les droits de toutes les travailleuses et tous les travailleurs et doit \u00eatre rejet\u00e9e dans les urnes.  <\/p>\n<p><strong>Tu as aussi re\u00e7u de la propagande de l'UDC dans ta bo\u00eete aux lettres ? Nous nous d\u00e9fendons ensemble <\/strong><strong>Commande d\u00e8s maintenant dans notre boutique le sticker gratuit \u00ab Pas de propagande UDC \u00bb pour ta bo\u00eete aux lettres !<\/strong><\/p>\n","protected":false},"excerpt":{"rendered":"<ul>\n<li>Autocollants d'ext\u00e9rieur gratuits pour la bo\u00eete aux lettres<\/li>\n<li>Les langues : Italien<\/li>\n<\/ul>\n","protected":false},"featured_media":21750,"comment_status":"closed","ping_status":"closed","template":"","meta":{"_kad_blocks_custom_css":"","_kad_blocks_head_custom_js":"","_kad_blocks_body_custom_js":"","_kad_blocks_footer_custom_js":"","_kad_post_transparent":"","_kad_post_title":"","_kad_post_layout":"","_kad_post_sidebar_id":"","_kad_post_content_style":"","_kad_post_vertical_padding":"","_kad_post_feature":"","_kad_post_feature_position":"","_kad_post_header":false,"_kad_post_footer":false,"_kad_post_classname":"","slim_seo":{"title":"Autocollant pour bo\u00eete aux lettres \"Pas de propagande de l'UDC\". - JS Shop","description":"Autocollants d'ext\u00e9rieur gratuits pour la bo\u00eete aux lettres Les langues : Italien"},"_slim_seo_primary_term_product_brand":0,"_slim_seo_primary_term_product_cat":0,"_slim_seo_primary_term_product_tag":0},"product_brand":[],"product_cat":[209,410,211,314],"product_tag":[],"class_list":["post-21760","product","type-product","status-publish","has-post-thumbnail","product_cat-antifa-fr","product_cat-antiracisme","product_cat-autocollants","product_cat-votes","first","instock","shipping-taxable","purchasable","product-type-variable","entry","content-bg","loop-entry"],"taxonomy_info":{"product_cat":[{"value":209,"label":"Antifa"},{"value":410,"label":"Antiracisme"},{"value":211,"label":"Autocollants"},{"value":314,"label":"Votes"}]},"featured_image_src_large":["https:\/\/juso-shop.ch\/wp-content\/uploads\/2026\/05\/Design-ohne-Titel3-1024x1024.png",1024,1024,true],"author_info":[],"comment_info":0,"_links":{"self":[{"href":"https:\/\/juso-shop.ch\/fr\/wp-json\/wp\/v2\/product\/21760","targetHints":{"allow":["GET"]}}],"collection":[{"href":"https:\/\/juso-shop.ch\/fr\/wp-json\/wp\/v2\/product"}],"about":[{"href":"https:\/\/juso-shop.ch\/fr\/wp-json\/wp\/v2\/types\/product"}],"replies":[{"embeddable":true,"href":"https:\/\/juso-shop.ch\/fr\/wp-json\/wp\/v2\/comments?post=21760"}],"wp:featuredmedia":[{"embeddable":true,"href":"https:\/\/juso-shop.ch\/fr\/wp-json\/wp\/v2\/media\/21750"}],"wp:attachment":[{"href":"https:\/\/juso-shop.ch\/fr\/wp-json\/wp\/v2\/media?parent=21760"}],"wp:term":[{"taxonomy":"product_brand","embeddable":true,"href":"https:\/\/juso-shop.ch\/fr\/wp-json\/wp\/v2\/product_brand?post=21760"},{"taxonomy":"product_cat","embeddable":true,"href":"https:\/\/juso-shop.ch\/fr\/wp-json\/wp\/v2\/product_cat?post=21760"},{"taxonomy":"product_tag","embeddable":true,"href":"https:\/\/juso-shop.ch\/fr\/wp-json\/wp\/v2\/product_tag?post=21760"}],"curies":[{"name":"wp","href":"https:\/\/api.w.org\/{rel}","templated":true}]}}

Autocollant pour boîte aux lettres « Pas de propagande de l'UDC ».

<p>L'UDC inonde une fois de plus tous les foyers suisses de ses messages racistes.À coups de manipulations de chiffres, de discours racistes et d’un budget de plusieurs millions, l’UDC tente actuellement de convaincre la population de soutenir l’initiative extrêmement dangereuse « Pas de Suisse à 10 millions ». Cette initiative est une attaque raciste contre les droits de toutes les travailleuses et tous les travailleurs et doit être rejetée dans les urnes.  </p>
<p><strong>Tu as aussi reçu de la propagande de l'UDC dans ta boîte aux lettres ? Nous nous défendons ensemble </strong><strong>Commande dès maintenant dans notre boutique le sticker gratuit « Pas de propagande UDC » pour ta boîte aux lettres !</strong></p>

<ul>
<li>Autocollants d'extérieur gratuits pour la boîte aux lettres</li>
<li>Les langues : Italien</li>
</ul>

Autocollant pour boîte aux lettres "Pas de propagande de l'UDC". - JS Shop

Autocollants d'extérieur gratuits pour la boîte aux lettres Les langues : Italien
