{"id":19217,"date":"2025-10-14T11:11:06","date_gmt":"2025-10-14T09:11:06","guid":{"rendered":"https:\/\/juso-shop.ch\/?post_type=product&#038;p=19217"},"modified":"2025-10-14T14:41:50","modified_gmt":"2025-10-14T12:41:50","slug":"magazine-la-boussole-rouge","status":"publish","type":"product","link":"https:\/\/juso-shop.ch\/fr\/produit\/magazine-la-boussole-rouge\/","title":{"rendered":"Magazine \u00abLa Boussole Rouge\u00bb"},"content":{"rendered":"<p><em>\u00ab L'\u00e9cosocialisme face \u00e0 la crise \u00bb<\/em> \u2013 le magazine consacr\u00e9 notre initiative pour l'avenir est arriv\u00e9 ! Sur 15 pages, nous expliquons pourquoi il ne peut y avoir de protection climatique \u00e9quitable dans un monde o\u00f9 r\u00e8gnent les super-riches et comment les in\u00e9galit\u00e9s de richesse menacent la d\u00e9mocratie et la soci\u00e9t\u00e9. Parfait pour lire, partager et discuter.<\/p>\n","protected":false},"excerpt":{"rendered":"<p>Langue : fran\u00e7ais<\/p>\n","protected":false},"featured_media":19226,"comment_status":"closed","ping_status":"closed","template":"","meta":{"_kad_blocks_custom_css":"","_kad_blocks_head_custom_js":"","_kad_blocks_body_custom_js":"","_kad_blocks_footer_custom_js":"","_kad_post_transparent":"default","_kad_post_title":"","_kad_post_layout":"default","_kad_post_sidebar_id":"","_kad_post_content_style":"default","_kad_post_vertical_padding":"default","_kad_post_feature":"","_kad_post_feature_position":"","_kad_post_header":false,"_kad_post_footer":false,"_kad_post_classname":"","slim_seo":{"title":"Magazine \u00abLa Boussole Rouge\u00bb - JS Shop","description":"Langue : fran\u00e7ais"},"_slim_seo_primary_term_product_brand":0,"_slim_seo_primary_term_product_cat":0,"_slim_seo_primary_term_product_tag":0},"product_brand":[],"product_cat":[232,208],"product_tag":[454,455,234,451,452,450],"class_list":["post-19217","product","type-product","status-publish","has-post-thumbnail","product_cat-initiative-pour-lavenir","product_cat-materiel-de-campagne","product_tag-ifez-fr","product_tag-initiative-fuer-eine-zukunft-fr","product_tag-initiative-pour-lavenir","product_tag-iniziativa-per-un-futuro-fr","product_tag-ipa-fr","product_tag-ipf-fr","first","instock","shipping-taxable","purchasable","product-type-variable","entry","content-bg","loop-entry"],"taxonomy_info":{"product_cat":[{"value":232,"label":"Initiative pour l'avenir"},{"value":208,"label":"Mat\u00e9riel de campagne"}],"product_tag":[{"value":454,"label":"ifez"},{"value":455,"label":"initiative f\u00fcr eine zukunft"},{"value":234,"label":"Initiative pour l'avenir"},{"value":451,"label":"iniziativa per un futuro"},{"value":452,"label":"ipa"},{"value":450,"label":"IPF"}]},"featured_image_src_large":["https:\/\/juso-shop.ch\/wp-content\/uploads\/2025\/10\/1_LBR-1024x925.jpg",1024,925,true],"author_info":[],"comment_info":0,"_links":{"self":[{"href":"https:\/\/juso-shop.ch\/fr\/wp-json\/wp\/v2\/product\/19217","targetHints":{"allow":["GET"]}}],"collection":[{"href":"https:\/\/juso-shop.ch\/fr\/wp-json\/wp\/v2\/product"}],"about":[{"href":"https:\/\/juso-shop.ch\/fr\/wp-json\/wp\/v2\/types\/product"}],"replies":[{"embeddable":true,"href":"https:\/\/juso-shop.ch\/fr\/wp-json\/wp\/v2\/comments?post=19217"}],"wp:featuredmedia":[{"embeddable":true,"href":"https:\/\/juso-shop.ch\/fr\/wp-json\/wp\/v2\/media\/19226"}],"wp:attachment":[{"href":"https:\/\/juso-shop.ch\/fr\/wp-json\/wp\/v2\/media?parent=19217"}],"wp:term":[{"taxonomy":"product_brand","embeddable":true,"href":"https:\/\/juso-shop.ch\/fr\/wp-json\/wp\/v2\/product_brand?post=19217"},{"taxonomy":"product_cat","embeddable":true,"href":"https:\/\/juso-shop.ch\/fr\/wp-json\/wp\/v2\/product_cat?post=19217"},{"taxonomy":"product_tag","embeddable":true,"href":"https:\/\/juso-shop.ch\/fr\/wp-json\/wp\/v2\/product_tag?post=19217"}],"curies":[{"name":"wp","href":"https:\/\/api.w.org\/{rel}","templated":true}]}}

<p><em>« L'écosocialisme face à la crise »</em> – le magazine consacré notre initiative pour l'avenir est arrivé ! Sur 15 pages, nous expliquons pourquoi il ne peut y avoir de protection climatique équitable dans un monde où règnent les super-riches et comment les inégalités de richesse menacent la démocratie et la société. Parfait pour lire, partager et discuter.</p>

<p>Langue : français</p>

Langue : français

Matériel de campagne

initiative für eine zukunft
