{"id":17861,"date":"2025-06-03T13:24:31","date_gmt":"2025-06-03T11:24:31","guid":{"rendered":"https:\/\/juso-shop.ch\/produkt\/autocollant-resistance-feministe\/"},"modified":"2026-05-15T11:29:16","modified_gmt":"2026-05-15T09:29:16","slug":"autocollant-resistance-feministe","status":"publish","type":"product","link":"https:\/\/juso-shop.ch\/fr\/produit\/autocollant-resistance-feministe\/","title":{"rendered":"Autocollant \u00ab\u00a0R\u00e9sistance F\u00e9ministe"},"content":{"rendered":"<p>Es-tu pr\u00eat\u00b7e pour la gr\u00e8ve f\u00e9ministe de cette ann\u00e9e ? Commande d\u00e8s maintenant cet autocollant et d\u00e9core tous tes objets afin de te mobiliser avec nous pour le 14 juin.<br \/>\nNous devons \u00eatre nombreuse\u00b7eux pour montrer que nous ne baissons pas les bras et que nous continuons \u00e0 lutter contre l'oppression patriarcale.<br \/>\nAide-nous et affiche partout la seule r\u00e9ponse valable: le f\u00e9minisme. Rends ton ordinateur portable, ta gourde ou tes murs f\u00e9ministes gr\u00e2ce \u00e0 nos autocollants !  <\/p>\n","protected":false},"excerpt":{"rendered":"<ul>\n<li>Autocollant gratuit<\/li>\n<li>Les langues : Fran\u00e7ais<\/li>\n<\/ul>\n","protected":false},"featured_media":17844,"comment_status":"closed","ping_status":"closed","template":"","meta":{"_kad_blocks_custom_css":"","_kad_blocks_head_custom_js":"","_kad_blocks_body_custom_js":"","_kad_blocks_footer_custom_js":"","_kad_post_transparent":"","_kad_post_title":"","_kad_post_layout":"","_kad_post_sidebar_id":"","_kad_post_content_style":"","_kad_post_vertical_padding":"","_kad_post_feature":"","_kad_post_feature_position":"","_kad_post_header":false,"_kad_post_footer":false,"_kad_post_classname":"","slim_seo":{"title":"Autocollant \"R\u00e9sistance F\u00e9ministe - JS Shop","description":"Autocollant gratuit Les langues : Fran\u00e7ais"},"_slim_seo_primary_term_product_brand":0,"_slim_seo_primary_term_product_cat":0,"_slim_seo_primary_term_product_tag":0},"product_brand":[],"product_cat":[211,245,203],"product_tag":[],"class_list":["post-17861","product","type-product","status-publish","has-post-thumbnail","product_cat-autocollants","product_cat-feminisme","product_cat-marchandises","first","instock","shipping-taxable","product-type-simple","entry","content-bg","loop-entry"],"taxonomy_info":{"product_cat":[{"value":211,"label":"Autocollants"},{"value":245,"label":"F\u00e9minisme"},{"value":203,"label":"Marchandises"}]},"featured_image_src_large":["https:\/\/juso-shop.ch\/wp-content\/uploads\/2025\/06\/Design-ohne-Titel5-819x1024.png",819,1024,true],"author_info":[],"comment_info":0,"_links":{"self":[{"href":"https:\/\/juso-shop.ch\/fr\/wp-json\/wp\/v2\/product\/17861","targetHints":{"allow":["GET"]}}],"collection":[{"href":"https:\/\/juso-shop.ch\/fr\/wp-json\/wp\/v2\/product"}],"about":[{"href":"https:\/\/juso-shop.ch\/fr\/wp-json\/wp\/v2\/types\/product"}],"replies":[{"embeddable":true,"href":"https:\/\/juso-shop.ch\/fr\/wp-json\/wp\/v2\/comments?post=17861"}],"wp:featuredmedia":[{"embeddable":true,"href":"https:\/\/juso-shop.ch\/fr\/wp-json\/wp\/v2\/media\/17844"}],"wp:attachment":[{"href":"https:\/\/juso-shop.ch\/fr\/wp-json\/wp\/v2\/media?parent=17861"}],"wp:term":[{"taxonomy":"product_brand","embeddable":true,"href":"https:\/\/juso-shop.ch\/fr\/wp-json\/wp\/v2\/product_brand?post=17861"},{"taxonomy":"product_cat","embeddable":true,"href":"https:\/\/juso-shop.ch\/fr\/wp-json\/wp\/v2\/product_cat?post=17861"},{"taxonomy":"product_tag","embeddable":true,"href":"https:\/\/juso-shop.ch\/fr\/wp-json\/wp\/v2\/product_tag?post=17861"}],"curies":[{"name":"wp","href":"https:\/\/api.w.org\/{rel}","templated":true}]}}

Autocollant « Résistance Féministe

<p>Es-tu prêt·e pour la grève féministe de cette année ? Commande dès maintenant cet autocollant et décore tous tes objets afin de te mobiliser avec nous pour le 14 juin.<br />
Nous devons être nombreuse·eux pour montrer que nous ne baissons pas les bras et que nous continuons à lutter contre l'oppression patriarcale.<br />
Aide-nous et affiche partout la seule réponse valable: le féminisme. Rends ton ordinateur portable, ta gourde ou tes murs féministes grâce à nos autocollants !  </p>

<ul>
<li>Autocollant gratuit</li>
<li>Les langues : Français</li>
</ul>

Autocollant "Résistance Féministe - JS Shop

Autocollant gratuit Les langues : Français

Féminisme
