{"id":16630,"date":"2025-02-20T15:09:29","date_gmt":"2025-02-20T13:09:29","guid":{"rendered":"https:\/\/juso-shop.ch\/produkt\/autocollant-les-feminicides-sont-la-pointe-de-liceberg\/"},"modified":"2026-05-29T10:08:33","modified_gmt":"2026-05-29T08:08:33","slug":"autocollant-les-feminicides-sont-la-pointe-de-liceberg","status":"publish","type":"product","link":"https:\/\/juso-shop.ch\/fr\/produit\/autocollant-les-feminicides-sont-la-pointe-de-liceberg\/","title":{"rendered":"Autocollant \u00ab\u00a0Les f\u00e9minicides sont la pointe de l'iceberg\u00a0\u00bb"},"content":{"rendered":"<p>Les f\u00e9minicides sont la forme la plus brutale des violences bas\u00e9es sur le genre qui sont exerc\u00e9es au sein de notre syst\u00e8me patriarcal.<\/p>\n<p><strong>Les f\u00e9minicides sont l'extr\u00e9mit\u00e9 de tout un spectre de violences, un spectre qui y culmine apr\u00e8s avoir commenc\u00e9 dans l'in\u00e9galit\u00e9 de traitement entre les genres. Les f\u00e9minicides sont donc la pointe de l'iceberg \u2014 Il faut mettre fin aux violences patriarcales !  <\/strong><\/p>\n<p>Participe et montre \u00e0 toutes et tous la seule r\u00e9ponse juste, le f\u00e9minisme. Rends ton ordinateur, ta gourde ou tes murs plus f\u00e9ministes avec nos autocollants ! <\/p>\n","protected":false},"excerpt":{"rendered":"<ul>\n<li>Autocollant gratuit<\/li>\n<li>Langues parl\u00e9es : Fran\u00e7ais, italien<\/li>\n<\/ul>\n","protected":false},"featured_media":16620,"comment_status":"open","ping_status":"closed","template":"","meta":{"_kad_blocks_custom_css":"","_kad_blocks_head_custom_js":"","_kad_blocks_body_custom_js":"","_kad_blocks_footer_custom_js":"","_kad_post_transparent":"","_kad_post_title":"","_kad_post_layout":"","_kad_post_sidebar_id":"","_kad_post_content_style":"","_kad_post_vertical_padding":"","_kad_post_feature":"","_kad_post_feature_position":"","_kad_post_header":false,"_kad_post_footer":false,"_kad_post_classname":"","slim_seo":{"title":"Autocollant \"Les f\u00e9minicides sont la pointe de l'iceberg\" - JS Shop","description":"Autocollant gratuit Langues parl\u00e9es : Fran\u00e7ais, italien"},"_slim_seo_primary_term_product_brand":0,"_slim_seo_primary_term_product_cat":0,"_slim_seo_primary_term_product_tag":0},"product_brand":[],"product_cat":[211,245,203],"product_tag":[213,301,287,367],"class_list":["post-16630","product","type-product","status-publish","has-post-thumbnail","product_cat-autocollants","product_cat-feminisme","product_cat-marchandises","product_tag-autocollants","product_tag-autocollants-fr","product_tag-femicide","product_tag-feminismus-fr","first","instock","shipping-taxable","purchasable","product-type-variable","entry","content-bg","loop-entry"],"taxonomy_info":{"product_cat":[{"value":211,"label":"Autocollants"},{"value":245,"label":"F\u00e9minisme"},{"value":203,"label":"Marchandises"}],"product_tag":[{"value":213,"label":"Autocollants"},{"value":301,"label":"Autocollants"},{"value":287,"label":"Femicide"},{"value":367,"label":"Feminismus"}]},"featured_image_src_large":["https:\/\/juso-shop.ch\/wp-content\/uploads\/2025\/02\/Femizid-Sticker_Zeichenflaeche-1-721x1024.png",721,1024,true],"author_info":[],"comment_info":0,"_links":{"self":[{"href":"https:\/\/juso-shop.ch\/fr\/wp-json\/wp\/v2\/product\/16630","targetHints":{"allow":["GET"]}}],"collection":[{"href":"https:\/\/juso-shop.ch\/fr\/wp-json\/wp\/v2\/product"}],"about":[{"href":"https:\/\/juso-shop.ch\/fr\/wp-json\/wp\/v2\/types\/product"}],"replies":[{"embeddable":true,"href":"https:\/\/juso-shop.ch\/fr\/wp-json\/wp\/v2\/comments?post=16630"}],"wp:featuredmedia":[{"embeddable":true,"href":"https:\/\/juso-shop.ch\/fr\/wp-json\/wp\/v2\/media\/16620"}],"wp:attachment":[{"href":"https:\/\/juso-shop.ch\/fr\/wp-json\/wp\/v2\/media?parent=16630"}],"wp:term":[{"taxonomy":"product_brand","embeddable":true,"href":"https:\/\/juso-shop.ch\/fr\/wp-json\/wp\/v2\/product_brand?post=16630"},{"taxonomy":"product_cat","embeddable":true,"href":"https:\/\/juso-shop.ch\/fr\/wp-json\/wp\/v2\/product_cat?post=16630"},{"taxonomy":"product_tag","embeddable":true,"href":"https:\/\/juso-shop.ch\/fr\/wp-json\/wp\/v2\/product_tag?post=16630"}],"curies":[{"name":"wp","href":"https:\/\/api.w.org\/{rel}","templated":true}]}}

Autocollant « Les féminicides sont la pointe de l'iceberg »

<p>Les féminicides sont la forme la plus brutale des violences basées sur le genre qui sont exercées au sein de notre système patriarcal.</p>
<p><strong>Les féminicides sont l'extrémité de tout un spectre de violences, un spectre qui y culmine après avoir commencé dans l'inégalité de traitement entre les genres. Les féminicides sont donc la pointe de l'iceberg — Il faut mettre fin aux violences patriarcales !  </strong></p>
<p>Participe et montre à toutes et tous la seule réponse juste, le féminisme. Rends ton ordinateur, ta gourde ou tes murs plus féministes avec nos autocollants ! </p>

<ul>
<li>Autocollant gratuit</li>
<li>Langues parlées : Français, italien</li>
</ul>

Autocollant "Les féminicides sont la pointe de l'iceberg" - JS Shop

Autocollant gratuit Langues parlées : Français, italien

Féminisme
